 751 = -24*v - 317. Calculate the greatest common factor of v and 738.
18
Let a be (-2)/(1*(-4)/(-6)). Suppose 5*v + 855 = 5*k, 2*v = 4*k + 13 - 347. Let s be a + ((-1)/(-4) - v/4). What is the greatest common divisor of s and 82?
41
Let u(m) = -2*m**3 - 18*m**2 + 73*m + 76. Let z be u(-12). Let o = 7 + -2. Let y be (36 - -4)*6/o. Calculate the highest common divisor of z and y.
16
Let n be (9338/21 - -4) + 10/(-15). Let v be 4/(-10)*(2 + -142). Calculate the highest common factor of v and n.
56
Let h be 3 + -5 - -2 - -14. Let z be (-4)/6 + 45292/402. Calculate the greatest common divisor of h and z.
14
Let l = -4328 - -4373. What is the greatest common factor of l and 207?
9
Suppose 210 = 4*j + 5*v, -j + 186 = 3*j + v. Calculate the greatest common factor of 6915 and j.
15
Suppose 9*t + 55 - 181 = 0. Let u = 56 - 43. Suppose 112 = 14*k - u*k. What is the greatest common factor of t and k?
14
Let n be (200/700)/(4/126). What is the highest common factor of 657 and n?
9
Let i = -248 - -583. Let l = i - 191. Calculate the highest common divisor of l and 60.
12
Let s = -7048 - -7408. What is the greatest common divisor of s and 936?
72
Let f be 20/32*40 + -5. What is the highest common divisor of 5020 and f?
20
Let h be 1 + ((-32)/(-11) - 11/(-121)). What is the greatest common factor of h and 256?
4
Suppose -6*b + 10 = -8. Suppose b*n - 4120 = 2*q, -2*n + q + 1281 = -1465. What is the highest common divisor of n and 28?
28
Let c = -18603 + 19097. Calculate the greatest common factor of 1469 and c.
13
Let a be (-205)/(-6) + 3/(-18). Suppose -2*h = d - 3*d - 26, -3*d + 2*h - a = 0. Let z = 14 + d. Calculate the highest common divisor of 2 and z.
2
Suppose 24 = 3*a + 15. Suppose 3 = a*v - 0*v. Suppose -i - 5*b - v = 0, -b = i - 0*b - 7. What is the greatest common divisor of i and 1?
1
Let n = 157 - 156. Let j be 25/9 - 24/(-108). What is the greatest common divisor of j and n?
1
Let b(c) = 6*c + 66. Let n be b(-9). Let g be (n/10)/(9/((-1125)/(-10))). What is the highest common divisor of 25 and g?
5
Let r be (-20)/(-6) + (-2)/6. Let s be (56/84)/((-8)/(-252)). What is the highest common divisor of r and s?
3
Suppose 110 - 302 = 3*n. Suppose 848 = 12*y - 808. Let p = n + y. Calculate the greatest common factor of 185 and p.
37
Suppose -497*q + 495*q - i + 23421 = 0, -4*i + 11693 = q. Calculate the greatest common factor of 34 and q.
17
Let y = -53 + 56. Suppose -r - 11 = 3*l, y*l = -2*r + l - 2. Let w be -5*(r + (-174)/5). Calculate the greatest common factor of w and 14.
14
Suppose 5*a - 9 = -9. Suppose a = -4*k + 120 - 568. Let p = -111 - k. What is the highest common factor of p and 4?
1
Let a = -6169 - -6199. What is the greatest common divisor of a and 1910?
10
Let c be 285 - 9/(207/299). What is the highest common factor of 510 and c?
34
Let z(x) = 46*x + 283. Let r be z(-6). Suppose r*c - h - 155 = 5*c, 88 = c - 4*h. Calculate the greatest common divisor of 38 and c.
38
Suppose -54*c + 6757 = 439. What is the greatest common divisor of 598 and c?
13
Let y = 22 - 67. Let h be (-28)/10 + 9/y - -65. Calculate the greatest common factor of h and 496.
62
Let b(r) = 4*r - 11. Let n be ((-4)/10)/(2/(-20)). Let i be b(n). Let m(a) = -3*a**2 + 14*a + 6. Let g be m(i). What is the greatest common factor of 11 and g?
1
Suppose -4*f + 2*r + 80 = 0, 3*f + 7*r - 88 = 5*r. Calculate the highest common divisor of 3444 and f.
12
Let c be (60/(-21))/((-40)/546 - 2/(-39)). What is the highest common factor of c and 2110?
10
Let f(n) = n + 3. Let y be f(7). Let z = -2714 - -2769. Calculate the highest common factor of y and z.
5
Suppose -5*i - 11 = 4, -16 = -k - 5*i. Suppose 0 = -k*x + 28*x + 108. What is the greatest common divisor of 48 and x?
12
Let b be (-1768)/(-32) + (-2)/8. Suppose -10 = -2*y, -5*g - y - y = b. Let m(o) = -15*o - 6. Let z be m(g). Calculate the highest common factor of 21 and z.
21
Let f(v) = -130*v + 91. Let z be f(-2). Calculate the highest common divisor of 923 and z.
13
Suppose 18 = 6*a - 3*a. Let c(k) = k**2 - 9*k - 16. Let y be c(14). Suppose a*i - 2 = -v + i, 3*i - y = -5*v. Calculate the highest common factor of v and 132.
12
Let i(y) = -489*y - 409. Let b be i(-1). Let m(o) = 2*o**2 - 5*o + 10. Let u be m(-10). Calculate the greatest common divisor of b and u.
20
Let c = -16 + 37. Let g(y) = 2*y + 0*y + c + 0 + y. Let q be g(-6). Calculate the greatest common factor of q and 12.
3
Let g(r) = -15*r + 65. Suppose 79 = -5*d + 3*o, 0 = -0*d + 2*d - 2*o + 34. Let w be g(d). What is the greatest common factor of w and 11?
11
Let s(a) = 30*a + 110. Let k be s(-3). Let y(x) = 3*x - 2 - 6*x + 7*x**2 + x. Let q be y(-2). What is the greatest common divisor of k and q?
10
Let m be (63/2)/3*(-384)/(-36). Suppose -2*k = q - 56, 4*k - m = -4*q + 5*q. What is the greatest common factor of k and 98?
14
Let n = -356 + 371. Let f be 5 + n/(-2)*(-4)/3. What is the greatest common divisor of f and 80?
5
Suppose a - 702 = -5*i, -a - 2*i = 4*a - 3487. Calculate the highest common factor of 17 and a.
17
Suppose -5*v - 5 = 2*h + h, -h + 5*v + 25 = 0. Let l be (525/6)/h + 1/2. Calculate the greatest common factor of l and 342.
18
Let f = 848 - 844. Suppose 4*b = f*s - 2552, -s = -62*b + 63*b - 636. What is the greatest common divisor of s and 49?
49
Let u = 502 - 362. Suppose 5*p - 5*n - u = 0, -5*n - 5 = -0*n. Calculate the highest common divisor of p and 351.
27
Suppose b - 4 = 2*b + o, 2*o = -b - 4. Let k be b/(-3) - 512/(-12). Suppose 3*l = 7*l - k. What is the highest common divisor of 121 and l?
11
Suppose 20*d + 560 = 27*d. Suppose 0 = 6*l - 2*l - d. Suppose 5*u - 395 = -5*y, 2*u = -2*u - y + 319. Calculate the highest common factor of u and l.
20
Let v = 554 + -545. Suppose -2*f - 7*f + 261 = 0. Let n = f + 34. What is the highest common factor of n and v?
9
Let d = 19450 + -18914. What is the greatest common divisor of 160 and d?
8
Suppose 2*u + 48 = 3*i + i, -i + 2 = 2*u. Suppose -w = -5*o - i, o = -o - 8. Let x be (24/(-40))/3 - 152/w. Calculate the highest common factor of x and 15.
15
Suppose 78*o - 79*o + 12 = 2*b, 4*o = -b + 20. What is the greatest common factor of o and 2416?
4
Suppose 4432 = 18*q - 8150 - 6462. Calculate the greatest common factor of q and 92.
46
Let n be 11 - 1956/180 - (-13432)/60. Suppose -x + 19 = 3*p, 3*p + 5*x - 4 = x. Calculate the greatest common factor of n and p.
8
Let y be 5 + (-5 + 0 - (-20)/(-1)). Let v be (-12)/30*-207 - 4/y. Calculate the greatest common factor of v and 83.
83
Suppose -11*l - 3*u = -8104, 52*l = 51*l - 3*u + 734. What is the greatest common factor of 143 and l?
11
Let q(z) = -z**3 + 6*z**2 + 7*z + 7. Suppose -28 = -4*u - 0. Let c be q(u). What is the greatest common divisor of 2 and c?
1
Let r(f) = 1819*f - 5325. Let b be r(3). Calculate the highest common divisor of b and 3684.
12
Let v = -120 + 30. Let b = 100 + v. Calculate the highest common factor of 115 and b.
5
Suppose 0 = -g + 7*g - 150. Let t = 28 - g. Suppose t*i - 8 - 13 = 0. Calculate the greatest common factor of 14 and i.
7
Let h = -33 - -73. Suppose 361*k - 1790 = 366*k. Let o = k + 366. What is the highest common factor of o and h?
8
Let q = -5 - 28. Let y = -32 - q. Let g be (8 + 1 - (y - -1)) + 2. What is the greatest common divisor of g and 9?
9
Let g be ((-6)/5)/2 - 2670/(-75). Suppose g = 7*k - 2*k. Let x be 1/(-1)*(k + (4 - 121)). Calculate the greatest common divisor of 10 and x.
10
Suppose -5*f = -4 - 66. Suppose 5*u = -2*i - 365, 3*u + 360 = -2*u - i. Let c = u - -106. Calculate the highest common divisor of c and f.
7
Suppose 4*f + 2*z - 1726 = 0, -4*f + 780*z - 777*z + 1701 = 0. Calculate the highest common divisor of 1430 and f.
143
Let w = 12625 - 12601. Calculate the greatest common divisor of w and 4.
4
Let r = -28563 + 28723. Calculate the highest common factor of r and 37920.
160
Suppose 4318 = -7*v - 10*v. Let x = -234 - v. What is the greatest common factor of x and 40?
20
Suppose 548 = 20*h - 8*h + 176. Calculate the greatest common factor of h and 11191.
31
Let z = -1563 + 2023. What is the greatest common factor of z and 828?
92
Let b = 28987 - 28693. Calculate the greatest common factor of 4578 and b.
42
Let z(m) = 14*m**2 + 39*m - 27. Let v be z(-9). Calculate the greatest common divisor of 8